3 - ((-4)/172 - 3)). Let h = s - -230. Is h a composite number?
False
Suppose -4*c - 59 = -4*g + 41, 0 = c + 3*g + 45. Is (-27642)/(-30) - 6*(-2)/c a prime number?
False
Suppose -395*m + 5*b + 228725 = -390*m, -m - 3*b = -45769. Is m composite?
False
Is 42564 + (36/270 - 137/15) + 2 a prime number?
True
Let f be 3 - (43480/(-5))/4. Let u = 1314 + f. Is u prime?
True
Let h(a) = a**2 - 27*a - 121. Let m be h(31). Suppose -m*z = -0*z + o - 6188, 2*o = -z + 2061. Is z composite?
False
Let g(c) = 6*c - 37. Let w be g(7). Suppose w*t - 13549 = 2*m + 4645, -2*t + m = -7277. Suppose t = 3*a - 587. Is a prime?
True
Let w(k) = 185*k**2 - 49*k - 263. Is w(-31) composite?
False
Let s(b) = 173449*b**2 - 2*b + 2. Is s(1) composite?
True
Let w be (-1623875)/(-66) + (-2)/12. Let f = w + -10407. Is f a composite number?
False
Let w(k) = 20*k**3 - 21*k**2 - 109*k + 1. Is w(15) prime?
True
Let d(f) = -3*f**3 - 53*f**2 - 37*f - 190. Is d(-44) composite?
True
Is (1428461/46)/((-1)/(-2)) composite?
True
Suppose 8*v - 470768 = 1625544. Is v prime?
False
Is (-19163050)/35*1120/(-320) a prime number?
False
Is (-33)/6*8/(-44)*236579 composite?
True
Let c = -38 + 21. Let u = c + 19. Suppose 0 = -y + 2*y - a - 896, u*y = -4*a + 1810. Is y prime?
False
Suppose -2681924 = -3*y - 5*g - 281061, 0 = -y + 5*g + 800261. Is y a composite number?
False
Let u be (-2)/((-21)/(-216) + (-6)/27). Suppose -u*w = -7*w - 24471. Is w prime?
True
Let t be ((-10)/12)/(5/(-30)). Suppose r + 2*f = 8784, r + 3*r - t*f - 35123 = 0. Is r a composite number?
True
Suppose 29*s = 69 - 11. Is ((-2)/(-2) - s)*255860/(-44) prime?
False
Suppose -340*h + 345*h + 5*v = 227495, -227481 = -5*h + 2*v. Is h composite?
False
Suppose -45942 = -i - 5*m, -24593 = -i - 2*m + 21364. Is i a composite number?
True
Suppose 5*y = 5*d - 23135 - 12225, -14164 = -2*d - 3*y. Let x = d - 2087. Is x composite?
True
Let y = 167 - 487. Let q = y + 1843. Is q prime?
True
Let a be (-7)/(-14) + 7/2. Suppose a*k + 3*o = 46792, -4*k - 6*o + 8*o + 46772 = 0. Is k prime?
False
Suppose 4*m - 3*x + 8381 = 0, 2*m + 3831 = -3*x - 382. Let t = m + 6472. Is t prime?
True
Let z = -21340 - -283461. Is z a prime number?
True
Is (5 - (7 - 3))/(3/(-141014832)*-16) prime?
False
Suppose -5*b = 4*f - 20033 + 2648, -5*b + 17385 = -5*f. Suppose 19*t - 4484 = b. Is t a composite number?
False
Let k(t) = -t**2 - t - 378. Let b be k(0). Let o be (-9)/3 - b - 1. Let u = o - -119. Is u a composite number?
True
Let r(k) = 6*k**3 - 6*k**2 + 5*k - 43. Suppose 2*a = 9 + 3. Is r(a) prime?
False
Let r(j) = -318*j + 322. Let h = -431 - -409. Is r(h) a composite number?
True
Let h(l) = -10*l**3 - 2*l**2 + 27*l + 127. Is h(-6) a prime number?
True
Suppose y - 7 = -5. Suppose -3*l = y*l - 25. Is (-1082)/(3 + 0 - l) prime?
True
Suppose 0 = -4*q - 6*b + 5*b - 2235, 4*b = 3*q + 1681. Let v = q + 932. Is v prime?
True
Suppose 26859 = 272*i - 269*i - k, 0 = 5*i + 5*k - 44725. Is i prime?
True
Let r = -93755 + 136570. Is r composite?
True
Let c(u) = 1235*u - 55. Let s be (12/(-9))/((-2)/18). Is c(s) composite?
True
Suppose -3*u + 68476 = -3*i + 1477, 5*u - 111663 = 3*i. Suppose 512*w - 508*w - u = 0. Is w prime?
False
Suppose j = -2*l - 4 + 12, -3*l = 4*j - 22. Suppose l*c - 2 - 6 = 0. Suppose 2933 = c*h + 3*h. Is h composite?
False
Let q(k) = -88*k**2 - 3*k - 7. Let v(l) = -4*l**2 - 2*l - 1. Let i(u) = -q(u) + 5*v(u). Let g = -1 - -4. Is i(g) prime?
True
Suppose -45849978 = -126*v - 9531612. Is v composite?
False
Let m = -188161 - -303998. Is m prime?
True
Let s = 619 - -822. Let l = s - -945. Is l composite?
True
Let h(k) = k**2 + 2*k + 3197. Let n be h(0). Suppose -4*r + n = -67. Is ((-24)/12)/(2 - r/407) a composite number?
True
Let t(k) = 124*k**3 - 5*k + 9. Let l = -57 + 56. Let s(z) = -z + 1. Let j be s(l). Is t(j) a composite number?
False
Is ((-385930)/(-25))/(3 - (-65)/(-25)) a composite number?
False
Suppose 270651915 = 266*h + 3139164 - 213210695. Is h a composite number?
False
Let k(x) = 10*x - 7. Suppose -2*m = p - 3, 0 = 4*m - 2*p - 20 - 6. Is k(m) composite?
True
Let s(p) be the third derivative of 41*p**5/6 + p**4/12 + p**3/6 - 2*p**2. Suppose -84*c - 36 = 132. Is s(c) a composite number?
False
Let j = 8630 - -4059. Is j composite?
False
Let b(z) = z**3 + z**2 - 11*z - 15. Let x be b(-3). Suppose -3*h = -5*s + 261808, -2*s - 2*h + 104720 = -x*s. Is s prime?
True
Suppose 2*c - 4*c = -44. Suppose -c*o + 1719 = -13*o. Is o a prime number?
True
Suppose 56*z + 83*z + 46*z - 1418765 = 0. Is z a prime number?
True
Let w = -19012 - -25335. Is w composite?
False
Let y(n) = -n**3 + 20*n**2 - 15*n + 21. Let i be -9 + 12 + -1 + 0 + 4. Let q be (-40 - (i - 8))*(-1)/2. Is y(q) prime?
True
Suppose -6*p + 125 = -p - 5*h, 3*h = p - 33. Suppose p*d - 2*c = 23*d - 102, -4*c = -3*d + 181. Is d prime?
False
Is -539261*10/(-5)*(7 - 78/12) a composite number?
False
Let f be 40/12*(-72)/(-15). Let a(m) = -m**3 + 7*m**2 + 13*m - 20. Let j be a(f). Let d = -549 - j. Is d a composite number?
False
Is (-6)/5 + 23 + 2101824/45 a composite number?
True
Let t be 40/(-12)*((-6)/4 + 0). Suppose -t*v = -14 - 6. Is 6/(((-5104)/(-1268))/v + -1) a composite number?
True
Let f(v) = 2*v - 10. Suppose 12*s - 15*s = -24. Let p be f(s). Suppose -p*j + 805 = -j. Is j composite?
True
Let s(f) = -61*f**3 + 2*f**2 + 3*f + 1. Let z(y) = 15*y**2 - 4*y - 7. Let r(b) = 7*b**2 - 2*b - 3. Let n(k) = -13*r(k) + 6*z(k). Let x be n(0). Is s(x) prime?
True
Suppose -5*c + 66 = 5*r - 29, 5*r - 105 = 5*c. Suppose r*d - 472334 = -116914. Is d composite?
True
Let n(c) = 22*c**2 + 4*c + 1. Let y be (-2)/6 - (-31)/3. Suppose y*q + 9 = 7*q. Is n(q) composite?
True
Suppose -269 - 361 = -21*i. Is (-8)/((-48)/i) - -3153 a composite number?
True
Let l(q) = -16*q + 23. Suppose -117*i + 120*i + 9 = 0. Is l(i) prime?
True
Suppose -5*z = 5*v - 6775910, 26*z + 4*v - 4065549 = 23*z. Is z prime?
False
Let d(r) = 17*r**3 + r**2 - 13*r + 5. Let z = -289 + 296. Is d(z) composite?
True
Let s be (2/(-4))/((-11)/(-22)). Let p(q) = -506*q - 5. Let c be p(s). Let v = c + -50. Is v prime?
False
Let n be 3*-6 + 6/(-2). Let g(j) = 7*j + 5*j**2 - 8 - 5 - 6. Is g(n) composite?
False
Suppose 8*a - 24 = -8. Suppose a*v - 14784 = i, 4*v - 22724 - 6838 = 5*i. Is v a prime number?
True
Let h(m) = 11*m**3 - 29*m**2 - 23*m - 34. Let a be h(21). Suppose u - 147593 = -5*f, -a = -9*f + 6*f + 4*u. Is f a composite number?
True
Suppose 40*k + 74581 = 126056 + 136485. Is k a prime number?
False
Suppose -22471297 = -121*d - 7767014. Is d prime?
True
Suppose d - 157552 = 16435. Suppose -27*z + 38*z = d. Is z prime?
True
Is (-14 + (-135)/(-10))*(0 - 20906) composite?
False
Let b = 275998 + -115587. Is b prime?
False
Suppose 0 = 5*x + 5*s - 20, -x + 12 = 3*s + 2*s. Suppose 0 = -x*f - 3*f. Suppose f = u - 2*y - 298, 1490 = 5*u - 4*y + y. Is u a prime number?
False
Suppose 22*s - 18*s - 21088 = -4*p, 2*p = 4*s + 10526. Is p a composite number?
True
Let w be (-10 + 4)/3*1 + 8. Suppose -3*j = -10 - 2. Is 96 - w/12*j/(-2) a composite number?
False
Suppose 85*h = 130*h - 778095. Is h prime?
True
Let o(g) = 4*g. Let j be o(3). Let c = 3977 + 2375. Suppose -4*b - c = -j*b. Is b a composite number?
True
Suppose 152*l - 13136 = 144*l. Is l composite?
True
Let c = 54 - 52. Suppose 4*g + y + 1825 = 6678, -1211 = -g + c*y. Is g composite?
False
Let a(j) = -20*j**3 + 2*j - 1. Let d be a(-2). Suppose -d = 42*g - 43*g. Is g a prime number?
False
Suppose -4*w = w - 2*c - 223741, c = 6*w - 268485. Is w a prime number?
False
Suppose -3*q = 4*r - 8, -8 = -4*r + 4*q - 5*q. Let x be r - 5/(-10)*-4. Is x + 3 + (5 - 7) + 1173 a prime number?
False
Suppose 4*i - 37772 = 3*u - i, -3*i = 3*u + 37740. Is (3 - u/6) + 12/18 prime?
False
Suppose -4*q + 3*h = -338366, -3*h + 126036 = 3*q - 127749. Is q prime?
False
Suppose -2*c = -8, 0*l - 2*l + 22 = 5*c. Let d be (-9)/21 - (l - (-5274)/(-7)). Suppose -3*f + 1214 = 4*x - 296, -2*x + d = 3*f. Is x a prime number?
True
Suppose 4*o - i = 3628, -2*i - 4538 = 28*o - 33*o. Let n = 3582 + -5563. Let f = o - n. Is f a composite number?
False
Is 26/325 - (-16532514)/450 prime?
True
Let q = -30821 + 52222. Is q composite?
False
Let n(g) be the second derivative of 43*g**4/12 - 37*g**3/6 - 227*g**2/2 + 66*g + 2. Is n(-6) a composite number?
F